{"id":70,"date":"2024-10-06T01:12:37","date_gmt":"2024-10-06T01:12:37","guid":{"rendered":"https:\/\/austriaweed.at\/?page_id=70"},"modified":"2024-10-06T01:12:37","modified_gmt":"2024-10-06T01:12:37","slug":"metatags3","status":"publish","type":"page","link":"https:\/\/austriaweed.at\/index.php\/metatags3\/","title":{"rendered":"metatags3"},"content":{"rendered":"<p>conciertos Wien, Musikveranstaltungen, Live Musik, Jazz Konzerte, Jazzclubs Wien, Hippie Kultur, alternative Musik, Musikfestivals, lokale Bands, Wiener Philharmoniker, Open-Air Konzerte, Musik Szene Wien, Indie Konzerte, Folk Musik, Klassik Konzerte, Musik Veranstaltungen, Ticketpreise, Konzertkalender, Musiklocations, Musikbar, Livemusik Bars, Jazz Sessions, Konzerttickets, kleine Konzerte, Musik f\u00fcr Anf\u00e4nger, Jazz Improvisation, Stra\u00dfenmusik, Buskers Wien, Musikgeschichte, Vinyl Shops, Musikcaf\u00e9s, Coole Bars, Wiener Musik, Events in Wien, Unterkunft Wien, Airbnb Wien, g\u00fcnstige Unterk\u00fcnfte, Ferienwohnungen Wien, Hostel Wien, preiswerte Hotels, private Zimmer Wien, g\u00fcnstige Zimmer, Unterk\u00fcnfte f\u00fcr Musiker, kreative Unterk\u00fcnfte, alternative Unterk\u00fcnfte, Wohnen in Wien, zentral gelegen, Familienfreundliche Unterk\u00fcnfte, Stadtviertel Wien, Nachtleben Wien, Veranstaltungen f\u00fcr junge Leute, Musik und Kunst, kulturelle Events, Stadtf\u00fchrungen, alternative Stadtf\u00fchrungen, Hippie M\u00e4rkte, Kunst und Musik, Live-Jazz, Jam Sessions, Musikkurse, Workshops f\u00fcr Musiker, Musikschule Wien, Klangkunst, Freiluftveranstaltungen, Open Mic Nights, Musikevents, lokale K\u00fcnstler, Musikliebhaber, Jazz Festivals, Nachtclubs Wien, Kunst- und Musikfestivals, Wiener Stadtleben, Unterkunft in der N\u00e4he von Musikveranstaltungen, Airbnb Angebote, Wochenendausfl\u00fcge Wien, Unterkunft f\u00fcr Gruppen, g\u00fcnstige Ferienh\u00e4user, Musikreisen, kulturelle Erlebnisse, K\u00fcnstlergemeinschaften, Kunstm\u00e4rkte, urbanes Wohnen, kreative R\u00e4ume, Co-Working Spaces, Musik und Natur, Stadtleben, Stra\u00dfenfeste, alternative Lebensstile, Hippie Gemeinschaften, Kunst in Wien, Wellness und Musik, Natur und Musik, Yoga und Musik, Stadtparks Wien, Musik und Essen, lokale K\u00fcche, Veranstaltungen f\u00fcr Frauen, Familienunterk\u00fcnfte, Tierfreundliche Unterk\u00fcnfte, Gesch\u00e4ftsreisen, Touristeninformationen, kulturelle Bildung, Musikalische Erziehung, kulturelle Diversit\u00e4t, DIY Veranstaltungen, Ethno-M\u00e4rkte, Wiener Weinfeste, Gastronomische Events, alternative Festivals, Musik und Reisen, Erlebnisse in Wien, Kunst und Handwerk, Kreativm\u00e4rkte, Musik f\u00fcr alle Altersgruppen.<\/p>\n<p>&nbsp;<\/p>\n<div class='smartthreema_box'><img src='https:\/\/austriaweed.at\/wp-content\/plugins\/smart-threema\/images\/floating-button-threema-klein.png' class='smartthreema_img'><a href='https:\/\/three.ma\/JHXT6HHA' target='_blank' class='smartthreema_link'>Please Download Threema App<\/a><br><div class='smartthreema_minimsg'>to your Mobile Device and click again<\/div><\/div>","protected":false},"excerpt":{"rendered":"<p>conciertos Wien, Musikveranstaltungen, Live Musik, Jazz Konzerte, Jazzclubs Wien, Hippie Kultur, alternative Musik, Musikfestivals, lokale Bands, Wiener Philharmoniker, Open-Air Konzerte, Musik Szene Wien, Indie Konzerte, Folk Musik, Klassik Konzerte, Musik Veranstaltungen, Ticketpreise, Konzertkalender, Musiklocations, Musikbar, Livemusik Bars, Jazz Sessions, Konzerttickets, kleine Konzerte, Musik f\u00fcr Anf\u00e4nger, Jazz Improvisation, Stra\u00dfenmusik, Buskers Wien, Musikgeschichte, Vinyl Shops, Musikcaf\u00e9s, Coole [&hellip;]<\/p>\n","protected":false},"author":1,"featured_media":0,"parent":0,"menu_order":0,"comment_status":"closed","ping_status":"closed","template":"","meta":{"footnotes":""},"class_list":["post-70","page","type-page","status-publish","hentry"],"yoast_head":"<!-- This site is optimized with the Yoast SEO plugin v27.3 - https:\/\/yoast.com\/product\/yoast-seo-wordpress\/ -->\n<title>metatags3 - Hanfgarten THC Cannabis Online Shop | Premium Hanfprodukte kaufen - Buy THC Cannabis &amp; Hashish in Vienna, Austria - Deliverys all over Austria - Signal &amp; Whatsapp telegram +34664537342 SIGNAL - Leo - Bitcoin accepted - panterarosa1772@gmail.com<\/title>\n<meta name=\"robots\" content=\"index, follow, max-snippet:-1, max-image-preview:large, max-video-preview:-1\" \/>\n<link rel=\"canonical\" href=\"https:\/\/austriaweed.at\/index.php\/metatags3\/\" \/>\n<meta property=\"og:locale\" content=\"en_GB\" \/>\n<meta property=\"og:type\" content=\"article\" \/>\n<meta property=\"og:title\" content=\"metatags3 - Hanfgarten THC Cannabis Online Shop | Premium Hanfprodukte kaufen - Buy THC Cannabis &amp; Hashish in Vienna, Austria - Deliverys all over Austria - Signal &amp; Whatsapp telegram +34664537342 SIGNAL - Leo - Bitcoin accepted - panterarosa1772@gmail.com\" \/>\n<meta property=\"og:description\" content=\"conciertos Wien, Musikveranstaltungen, Live Musik, Jazz Konzerte, Jazzclubs Wien, Hippie Kultur, alternative Musik, Musikfestivals, lokale Bands, Wiener Philharmoniker, Open-Air Konzerte, Musik Szene Wien, Indie Konzerte, Folk Musik, Klassik Konzerte, Musik Veranstaltungen, Ticketpreise, Konzertkalender, Musiklocations, Musikbar, Livemusik Bars, Jazz Sessions, Konzerttickets, kleine Konzerte, Musik f\u00fcr Anf\u00e4nger, Jazz Improvisation, Stra\u00dfenmusik, Buskers Wien, Musikgeschichte, Vinyl Shops, Musikcaf\u00e9s, Coole [&hellip;]\" \/>\n<meta property=\"og:url\" content=\"https:\/\/austriaweed.at\/index.php\/metatags3\/\" \/>\n<meta property=\"og:site_name\" content=\"Hanfgarten THC Cannabis Online Shop | Premium Hanfprodukte kaufen - Buy THC Cannabis &amp; Hashish in Vienna, Austria - Deliverys all over Austria - Signal &amp; Whatsapp telegram +34664537342 SIGNAL - Leo - Bitcoin accepted - panterarosa1772@gmail.com\" \/>\n<meta name=\"twitter:card\" content=\"summary_large_image\" \/>\n<script type=\"application\/ld+json\" class=\"yoast-schema-graph\">{\"@context\":\"https:\\\/\\\/schema.org\",\"@graph\":[{\"@type\":\"WebPage\",\"@id\":\"https:\\\/\\\/austriaweed.at\\\/index.php\\\/metatags3\\\/\",\"url\":\"https:\\\/\\\/austriaweed.at\\\/index.php\\\/metatags3\\\/\",\"name\":\"metatags3 - Hanfgarten THC Cannabis Online Shop | Premium Hanfprodukte kaufen - Buy THC Cannabis &amp; Hashish in Vienna, Austria - Deliverys all over Austria - Signal &amp; Whatsapp telegram +34664537342 SIGNAL - Leo - Bitcoin accepted - panterarosa1772@gmail.com\",\"isPartOf\":{\"@id\":\"https:\\\/\\\/austriaweed.at\\\/#website\"},\"datePublished\":\"2024-10-06T01:12:37+00:00\",\"breadcrumb\":{\"@id\":\"https:\\\/\\\/austriaweed.at\\\/index.php\\\/metatags3\\\/#breadcrumb\"},\"inLanguage\":\"en-GB\",\"potentialAction\":[{\"@type\":\"ReadAction\",\"target\":[\"https:\\\/\\\/austriaweed.at\\\/index.php\\\/metatags3\\\/\"]}]},{\"@type\":\"BreadcrumbList\",\"@id\":\"https:\\\/\\\/austriaweed.at\\\/index.php\\\/metatags3\\\/#breadcrumb\",\"itemListElement\":[{\"@type\":\"ListItem\",\"position\":1,\"name\":\"Home\",\"item\":\"https:\\\/\\\/austriaweed.at\\\/\"},{\"@type\":\"ListItem\",\"position\":2,\"name\":\"metatags3\"}]},{\"@type\":\"WebSite\",\"@id\":\"https:\\\/\\\/austriaweed.at\\\/#website\",\"url\":\"https:\\\/\\\/austriaweed.at\\\/\",\"name\":\"Hanfgarten THC Cannabis Online Shop | Premium Hanfprodukte kaufen - Buy THC Cannabis &amp; Hashish in Vienna, Austria - Deliverys all over Austria - Signal &amp; Whatsapp telegram +34664537342 SIGNAL - Leo - Bitcoin accepted - panterarosa1772@gmail.com\",\"description\":\"&quot;Schneller und sicherer Cannabis-Versand nach Wien \u2013 Hochwertige Produkte aus Spanien&quot;\",\"potentialAction\":[{\"@type\":\"SearchAction\",\"target\":{\"@type\":\"EntryPoint\",\"urlTemplate\":\"https:\\\/\\\/austriaweed.at\\\/?s={search_term_string}\"},\"query-input\":{\"@type\":\"PropertyValueSpecification\",\"valueRequired\":true,\"valueName\":\"search_term_string\"}}],\"inLanguage\":\"en-GB\"}]}<\/script>\n<!-- \/ Yoast SEO plugin. -->","yoast_head_json":{"title":"metatags3 - Hanfgarten THC Cannabis Online Shop | Premium Hanfprodukte kaufen - Buy THC Cannabis &amp; Hashish in Vienna, Austria - Deliverys all over Austria - Signal &amp; Whatsapp telegram +34664537342 SIGNAL - Leo - Bitcoin accepted - panterarosa1772@gmail.com","robots":{"index":"index","follow":"follow","max-snippet":"max-snippet:-1","max-image-preview":"max-image-preview:large","max-video-preview":"max-video-preview:-1"},"canonical":"https:\/\/austriaweed.at\/index.php\/metatags3\/","og_locale":"en_GB","og_type":"article","og_title":"metatags3 - Hanfgarten THC Cannabis Online Shop | Premium Hanfprodukte kaufen - Buy THC Cannabis &amp; Hashish in Vienna, Austria - Deliverys all over Austria - Signal &amp; Whatsapp telegram +34664537342 SIGNAL - Leo - Bitcoin accepted - panterarosa1772@gmail.com","og_description":"conciertos Wien, Musikveranstaltungen, Live Musik, Jazz Konzerte, Jazzclubs Wien, Hippie Kultur, alternative Musik, Musikfestivals, lokale Bands, Wiener Philharmoniker, Open-Air Konzerte, Musik Szene Wien, Indie Konzerte, Folk Musik, Klassik Konzerte, Musik Veranstaltungen, Ticketpreise, Konzertkalender, Musiklocations, Musikbar, Livemusik Bars, Jazz Sessions, Konzerttickets, kleine Konzerte, Musik f\u00fcr Anf\u00e4nger, Jazz Improvisation, Stra\u00dfenmusik, Buskers Wien, Musikgeschichte, Vinyl Shops, Musikcaf\u00e9s, Coole [&hellip;]","og_url":"https:\/\/austriaweed.at\/index.php\/metatags3\/","og_site_name":"Hanfgarten THC Cannabis Online Shop | Premium Hanfprodukte kaufen - Buy THC Cannabis &amp; Hashish in Vienna, Austria - Deliverys all over Austria - Signal &amp; Whatsapp telegram +34664537342 SIGNAL - Leo - Bitcoin accepted - panterarosa1772@gmail.com","twitter_card":"summary_large_image","schema":{"@context":"https:\/\/schema.org","@graph":[{"@type":"WebPage","@id":"https:\/\/austriaweed.at\/index.php\/metatags3\/","url":"https:\/\/austriaweed.at\/index.php\/metatags3\/","name":"metatags3 - Hanfgarten THC Cannabis Online Shop | Premium Hanfprodukte kaufen - Buy THC Cannabis &amp; Hashish in Vienna, Austria - Deliverys all over Austria - Signal &amp; Whatsapp telegram +34664537342 SIGNAL - Leo - Bitcoin accepted - panterarosa1772@gmail.com","isPartOf":{"@id":"https:\/\/austriaweed.at\/#website"},"datePublished":"2024-10-06T01:12:37+00:00","breadcrumb":{"@id":"https:\/\/austriaweed.at\/index.php\/metatags3\/#breadcrumb"},"inLanguage":"en-GB","potentialAction":[{"@type":"ReadAction","target":["https:\/\/austriaweed.at\/index.php\/metatags3\/"]}]},{"@type":"BreadcrumbList","@id":"https:\/\/austriaweed.at\/index.php\/metatags3\/#breadcrumb","itemListElement":[{"@type":"ListItem","position":1,"name":"Home","item":"https:\/\/austriaweed.at\/"},{"@type":"ListItem","position":2,"name":"metatags3"}]},{"@type":"WebSite","@id":"https:\/\/austriaweed.at\/#website","url":"https:\/\/austriaweed.at\/","name":"Hanfgarten THC Cannabis Online Shop | Premium Hanfprodukte kaufen - Buy THC Cannabis &amp; Hashish in Vienna, Austria - Deliverys all over Austria - Signal &amp; Whatsapp telegram +34664537342 SIGNAL - Leo - Bitcoin accepted - panterarosa1772@gmail.com","description":"&quot;Schneller und sicherer Cannabis-Versand nach Wien \u2013 Hochwertige Produkte aus Spanien&quot;","potentialAction":[{"@type":"SearchAction","target":{"@type":"EntryPoint","urlTemplate":"https:\/\/austriaweed.at\/?s={search_term_string}"},"query-input":{"@type":"PropertyValueSpecification","valueRequired":true,"valueName":"search_term_string"}}],"inLanguage":"en-GB"}]}},"_links":{"self":[{"href":"https:\/\/austriaweed.at\/index.php\/wp-json\/wp\/v2\/pages\/70","targetHints":{"allow":["GET"]}}],"collection":[{"href":"https:\/\/austriaweed.at\/index.php\/wp-json\/wp\/v2\/pages"}],"about":[{"href":"https:\/\/austriaweed.at\/index.php\/wp-json\/wp\/v2\/types\/page"}],"author":[{"embeddable":true,"href":"https:\/\/austriaweed.at\/index.php\/wp-json\/wp\/v2\/users\/1"}],"replies":[{"embeddable":true,"href":"https:\/\/austriaweed.at\/index.php\/wp-json\/wp\/v2\/comments?post=70"}],"version-history":[{"count":1,"href":"https:\/\/austriaweed.at\/index.php\/wp-json\/wp\/v2\/pages\/70\/revisions"}],"predecessor-version":[{"id":71,"href":"https:\/\/austriaweed.at\/index.php\/wp-json\/wp\/v2\/pages\/70\/revisions\/71"}],"wp:attachment":[{"href":"https:\/\/austriaweed.at\/index.php\/wp-json\/wp\/v2\/media?parent=70"}],"curies":[{"name":"wp","href":"https:\/\/api.w.org\/{rel}","templated":true}]}}