{"id":74,"date":"2024-10-06T01:18:39","date_gmt":"2024-10-06T01:18:39","guid":{"rendered":"https:\/\/austriaweed.at\/?page_id=74"},"modified":"2024-10-06T01:18:39","modified_gmt":"2024-10-06T01:18:39","slug":"no-telegram","status":"publish","type":"page","link":"https:\/\/austriaweed.at\/index.php\/no-telegram\/","title":{"rendered":"No telegram"},"content":{"rendered":"<p>Liebe Freunde, ab dem 30.09.2024 wird es DEFINITIV nicht mehr \u00fcber einen Kanal oder eine Gruppe beworben, es wird weder in einem offenen noch geschlossenen KANAL, einer Gruppe oder einem Benutzer verwendet oder dar\u00fcber gesprochen. durch die TELEGRAM-Anwendung aufgrund der Zusammenarbeit von Pavel Durov und die Schlie\u00dfung von Millionen von Gruppen, Kan\u00e4len mit Bezug oder Entschuldigung zu jeglicher Art von Substanz, politischen Themen, Kaku5nas usw. usw. Deshalb werden wir es auf keinen Fall wieder verwenden,<\/p>\n<p>Wir entschuldigen uns zutiefst f\u00fcr die Missverst\u00e4ndnisse, verpassten Gespr\u00e4che und die Schwierigkeiten aufgrund von Gespr\u00e4chen, Eink\u00e4ufen usw.<\/p>\n<p>Wir freuen uns \u00fcber das Verst\u00e4ndnis und vor allem \u00fcber die Unterst\u00fctzung in diesen schwierigen Zeiten, um ehrlich Geld verdienen und Brot essen zu k\u00f6nnen.<\/p>\n<div class='smartthreema_box'><img src='https:\/\/austriaweed.at\/wp-content\/plugins\/smart-threema\/images\/floating-button-threema-klein.png' class='smartthreema_img'><a href='https:\/\/three.ma\/JHXT6HHA' target='_blank' class='smartthreema_link'>Please Download Threema App<\/a><br><div class='smartthreema_minimsg'>to your Mobile Device and click again<\/div><\/div>","protected":false},"excerpt":{"rendered":"<p>Liebe Freunde, ab dem 30.09.2024 wird es DEFINITIV nicht mehr \u00fcber einen Kanal oder eine Gruppe beworben, es wird weder in einem offenen noch geschlossenen KANAL, einer Gruppe oder einem Benutzer verwendet oder dar\u00fcber gesprochen. durch die TELEGRAM-Anwendung aufgrund der Zusammenarbeit von Pavel Durov und die Schlie\u00dfung von Millionen von Gruppen, Kan\u00e4len mit Bezug oder [&hellip;]<\/p>\n","protected":false},"author":1,"featured_media":0,"parent":0,"menu_order":0,"comment_status":"closed","ping_status":"closed","template":"","meta":{"footnotes":""},"class_list":["post-74","page","type-page","status-publish","hentry"],"yoast_head":"<!-- This site is optimized with the Yoast SEO plugin v27.3 - https:\/\/yoast.com\/product\/yoast-seo-wordpress\/ -->\n<title>No telegram - Hanfgarten THC Cannabis Online Shop | Premium Hanfprodukte kaufen - Buy THC Cannabis &amp; Hashish in Vienna, Austria - Deliverys all over Austria - Signal &amp; Whatsapp telegram +34664537342 SIGNAL - Leo - Bitcoin accepted - panterarosa1772@gmail.com<\/title>\n<meta name=\"robots\" content=\"index, follow, max-snippet:-1, max-image-preview:large, max-video-preview:-1\" \/>\n<link rel=\"canonical\" href=\"https:\/\/austriaweed.at\/index.php\/no-telegram\/\" \/>\n<meta property=\"og:locale\" content=\"en_GB\" \/>\n<meta property=\"og:type\" content=\"article\" \/>\n<meta property=\"og:title\" content=\"No telegram - Hanfgarten THC Cannabis Online Shop | Premium Hanfprodukte kaufen - Buy THC Cannabis &amp; Hashish in Vienna, Austria - Deliverys all over Austria - Signal &amp; Whatsapp telegram +34664537342 SIGNAL - Leo - Bitcoin accepted - panterarosa1772@gmail.com\" \/>\n<meta property=\"og:description\" content=\"Liebe Freunde, ab dem 30.09.2024 wird es DEFINITIV nicht mehr \u00fcber einen Kanal oder eine Gruppe beworben, es wird weder in einem offenen noch geschlossenen KANAL, einer Gruppe oder einem Benutzer verwendet oder dar\u00fcber gesprochen. durch die TELEGRAM-Anwendung aufgrund der Zusammenarbeit von Pavel Durov und die Schlie\u00dfung von Millionen von Gruppen, Kan\u00e4len mit Bezug oder [&hellip;]\" \/>\n<meta property=\"og:url\" content=\"https:\/\/austriaweed.at\/index.php\/no-telegram\/\" \/>\n<meta property=\"og:site_name\" content=\"Hanfgarten THC Cannabis Online Shop | Premium Hanfprodukte kaufen - Buy THC Cannabis &amp; Hashish in Vienna, Austria - Deliverys all over Austria - Signal &amp; Whatsapp telegram +34664537342 SIGNAL - Leo - Bitcoin accepted - panterarosa1772@gmail.com\" \/>\n<meta name=\"twitter:card\" content=\"summary_large_image\" \/>\n<meta name=\"twitter:label1\" content=\"Estimated reading time\" \/>\n\t<meta name=\"twitter:data1\" content=\"1 minute\" \/>\n<script type=\"application\/ld+json\" class=\"yoast-schema-graph\">{\"@context\":\"https:\\\/\\\/schema.org\",\"@graph\":[{\"@type\":\"WebPage\",\"@id\":\"https:\\\/\\\/austriaweed.at\\\/index.php\\\/no-telegram\\\/\",\"url\":\"https:\\\/\\\/austriaweed.at\\\/index.php\\\/no-telegram\\\/\",\"name\":\"No telegram - Hanfgarten THC Cannabis Online Shop | Premium Hanfprodukte kaufen - Buy THC Cannabis &amp; Hashish in Vienna, Austria - Deliverys all over Austria - Signal &amp; Whatsapp telegram +34664537342 SIGNAL - Leo - Bitcoin accepted - panterarosa1772@gmail.com\",\"isPartOf\":{\"@id\":\"https:\\\/\\\/austriaweed.at\\\/#website\"},\"datePublished\":\"2024-10-06T01:18:39+00:00\",\"breadcrumb\":{\"@id\":\"https:\\\/\\\/austriaweed.at\\\/index.php\\\/no-telegram\\\/#breadcrumb\"},\"inLanguage\":\"en-GB\",\"potentialAction\":[{\"@type\":\"ReadAction\",\"target\":[\"https:\\\/\\\/austriaweed.at\\\/index.php\\\/no-telegram\\\/\"]}]},{\"@type\":\"BreadcrumbList\",\"@id\":\"https:\\\/\\\/austriaweed.at\\\/index.php\\\/no-telegram\\\/#breadcrumb\",\"itemListElement\":[{\"@type\":\"ListItem\",\"position\":1,\"name\":\"Home\",\"item\":\"https:\\\/\\\/austriaweed.at\\\/\"},{\"@type\":\"ListItem\",\"position\":2,\"name\":\"No telegram\"}]},{\"@type\":\"WebSite\",\"@id\":\"https:\\\/\\\/austriaweed.at\\\/#website\",\"url\":\"https:\\\/\\\/austriaweed.at\\\/\",\"name\":\"Hanfgarten THC Cannabis Online Shop | Premium Hanfprodukte kaufen - Buy THC Cannabis &amp; Hashish in Vienna, Austria - Deliverys all over Austria - Signal &amp; Whatsapp telegram +34664537342 SIGNAL - Leo - Bitcoin accepted - panterarosa1772@gmail.com\",\"description\":\"&quot;Schneller und sicherer Cannabis-Versand nach Wien \u2013 Hochwertige Produkte aus Spanien&quot;\",\"potentialAction\":[{\"@type\":\"SearchAction\",\"target\":{\"@type\":\"EntryPoint\",\"urlTemplate\":\"https:\\\/\\\/austriaweed.at\\\/?s={search_term_string}\"},\"query-input\":{\"@type\":\"PropertyValueSpecification\",\"valueRequired\":true,\"valueName\":\"search_term_string\"}}],\"inLanguage\":\"en-GB\"}]}<\/script>\n<!-- \/ Yoast SEO plugin. -->","yoast_head_json":{"title":"No telegram - Hanfgarten THC Cannabis Online Shop | Premium Hanfprodukte kaufen - Buy THC Cannabis &amp; Hashish in Vienna, Austria - Deliverys all over Austria - Signal &amp; Whatsapp telegram +34664537342 SIGNAL - Leo - Bitcoin accepted - panterarosa1772@gmail.com","robots":{"index":"index","follow":"follow","max-snippet":"max-snippet:-1","max-image-preview":"max-image-preview:large","max-video-preview":"max-video-preview:-1"},"canonical":"https:\/\/austriaweed.at\/index.php\/no-telegram\/","og_locale":"en_GB","og_type":"article","og_title":"No telegram - Hanfgarten THC Cannabis Online Shop | Premium Hanfprodukte kaufen - Buy THC Cannabis &amp; Hashish in Vienna, Austria - Deliverys all over Austria - Signal &amp; Whatsapp telegram +34664537342 SIGNAL - Leo - Bitcoin accepted - panterarosa1772@gmail.com","og_description":"Liebe Freunde, ab dem 30.09.2024 wird es DEFINITIV nicht mehr \u00fcber einen Kanal oder eine Gruppe beworben, es wird weder in einem offenen noch geschlossenen KANAL, einer Gruppe oder einem Benutzer verwendet oder dar\u00fcber gesprochen. durch die TELEGRAM-Anwendung aufgrund der Zusammenarbeit von Pavel Durov und die Schlie\u00dfung von Millionen von Gruppen, Kan\u00e4len mit Bezug oder [&hellip;]","og_url":"https:\/\/austriaweed.at\/index.php\/no-telegram\/","og_site_name":"Hanfgarten THC Cannabis Online Shop | Premium Hanfprodukte kaufen - Buy THC Cannabis &amp; Hashish in Vienna, Austria - Deliverys all over Austria - Signal &amp; Whatsapp telegram +34664537342 SIGNAL - Leo - Bitcoin accepted - panterarosa1772@gmail.com","twitter_card":"summary_large_image","twitter_misc":{"Estimated reading time":"1 minute"},"schema":{"@context":"https:\/\/schema.org","@graph":[{"@type":"WebPage","@id":"https:\/\/austriaweed.at\/index.php\/no-telegram\/","url":"https:\/\/austriaweed.at\/index.php\/no-telegram\/","name":"No telegram - Hanfgarten THC Cannabis Online Shop | Premium Hanfprodukte kaufen - Buy THC Cannabis &amp; Hashish in Vienna, Austria - Deliverys all over Austria - Signal &amp; Whatsapp telegram +34664537342 SIGNAL - Leo - Bitcoin accepted - panterarosa1772@gmail.com","isPartOf":{"@id":"https:\/\/austriaweed.at\/#website"},"datePublished":"2024-10-06T01:18:39+00:00","breadcrumb":{"@id":"https:\/\/austriaweed.at\/index.php\/no-telegram\/#breadcrumb"},"inLanguage":"en-GB","potentialAction":[{"@type":"ReadAction","target":["https:\/\/austriaweed.at\/index.php\/no-telegram\/"]}]},{"@type":"BreadcrumbList","@id":"https:\/\/austriaweed.at\/index.php\/no-telegram\/#breadcrumb","itemListElement":[{"@type":"ListItem","position":1,"name":"Home","item":"https:\/\/austriaweed.at\/"},{"@type":"ListItem","position":2,"name":"No telegram"}]},{"@type":"WebSite","@id":"https:\/\/austriaweed.at\/#website","url":"https:\/\/austriaweed.at\/","name":"Hanfgarten THC Cannabis Online Shop | Premium Hanfprodukte kaufen - Buy THC Cannabis &amp; Hashish in Vienna, Austria - Deliverys all over Austria - Signal &amp; Whatsapp telegram +34664537342 SIGNAL - Leo - Bitcoin accepted - panterarosa1772@gmail.com","description":"&quot;Schneller und sicherer Cannabis-Versand nach Wien \u2013 Hochwertige Produkte aus Spanien&quot;","potentialAction":[{"@type":"SearchAction","target":{"@type":"EntryPoint","urlTemplate":"https:\/\/austriaweed.at\/?s={search_term_string}"},"query-input":{"@type":"PropertyValueSpecification","valueRequired":true,"valueName":"search_term_string"}}],"inLanguage":"en-GB"}]}},"_links":{"self":[{"href":"https:\/\/austriaweed.at\/index.php\/wp-json\/wp\/v2\/pages\/74","targetHints":{"allow":["GET"]}}],"collection":[{"href":"https:\/\/austriaweed.at\/index.php\/wp-json\/wp\/v2\/pages"}],"about":[{"href":"https:\/\/austriaweed.at\/index.php\/wp-json\/wp\/v2\/types\/page"}],"author":[{"embeddable":true,"href":"https:\/\/austriaweed.at\/index.php\/wp-json\/wp\/v2\/users\/1"}],"replies":[{"embeddable":true,"href":"https:\/\/austriaweed.at\/index.php\/wp-json\/wp\/v2\/comments?post=74"}],"version-history":[{"count":1,"href":"https:\/\/austriaweed.at\/index.php\/wp-json\/wp\/v2\/pages\/74\/revisions"}],"predecessor-version":[{"id":75,"href":"https:\/\/austriaweed.at\/index.php\/wp-json\/wp\/v2\/pages\/74\/revisions\/75"}],"wp:attachment":[{"href":"https:\/\/austriaweed.at\/index.php\/wp-json\/wp\/v2\/media?parent=74"}],"curies":[{"name":"wp","href":"https:\/\/api.w.org\/{rel}","templated":true}]}}